{"id":47,"date":"2023-02-21T12:03:02","date_gmt":"2023-02-21T12:03:02","guid":{"rendered":"https:\/\/www.am-spiegelgasse.de\/?page_id=47"},"modified":"2024-12-05T11:38:32","modified_gmt":"2024-12-05T10:38:32","slug":"bibliothek","status":"publish","type":"page","link":"https:\/\/www.am-spiegelgasse.de\/index.php\/bibliothek\/","title":{"rendered":"Bibliothek"},"content":{"rendered":"\n<p class=\"has-white-color has-vivid-cyan-blue-background-color has-text-color has-background\" style=\"font-size:2.2rem\">Bibliothek<\/p>\n\n\n\n<div class=\"wp-block-columns has-background is-layout-flex wp-container-core-columns-is-layout-28f84493 wp-block-columns-is-layout-flex\" style=\"background-color:#e9f1f5\">\n<div class=\"wp-block-column is-layout-flow wp-block-column-is-layout-flow\" style=\"flex-basis:20%\">\n<figure class=\"wp-block-image size-large is-resized\"><img loading=\"lazy\" decoding=\"async\" width=\"653\" height=\"1024\" src=\"https:\/\/www.am-spiegelgasse.de\/wp-content\/uploads\/2024\/04\/Buchcover_Philipp_-Kratz_1-653x1024.jpg\" alt=\"\" class=\"wp-image-1207\" style=\"width:auto;height:200px\" srcset=\"https:\/\/www.am-spiegelgasse.de\/wp-content\/uploads\/2024\/04\/Buchcover_Philipp_-Kratz_1-653x1024.jpg 653w, https:\/\/www.am-spiegelgasse.de\/wp-content\/uploads\/2024\/04\/Buchcover_Philipp_-Kratz_1-191x300.jpg 191w, https:\/\/www.am-spiegelgasse.de\/wp-content\/uploads\/2024\/04\/Buchcover_Philipp_-Kratz_1-768x1204.jpg 768w, https:\/\/www.am-spiegelgasse.de\/wp-content\/uploads\/2024\/04\/Buchcover_Philipp_-Kratz_1-980x1536.jpg 980w, https:\/\/www.am-spiegelgasse.de\/wp-content\/uploads\/2024\/04\/Buchcover_Philipp_-Kratz_1-1000x1567.jpg 1000w, https:\/\/www.am-spiegelgasse.de\/wp-content\/uploads\/2024\/04\/Buchcover_Philipp_-Kratz_1-230x360.jpg 230w, https:\/\/www.am-spiegelgasse.de\/wp-content\/uploads\/2024\/04\/Buchcover_Philipp_-Kratz_1-350x549.jpg 350w, https:\/\/www.am-spiegelgasse.de\/wp-content\/uploads\/2024\/04\/Buchcover_Philipp_-Kratz_1-480x752.jpg 480w, https:\/\/www.am-spiegelgasse.de\/wp-content\/uploads\/2024\/04\/Buchcover_Philipp_-Kratz_1.jpg 1280w\" sizes=\"auto, (max-width: 653px) 100vw, 653px\" \/><\/figure>\n<\/div>\n\n\n\n<div class=\"wp-block-column is-layout-flow wp-block-column-is-layout-flow\" style=\"flex-basis:80%\">\n<p>Der Podcast &#8222;<strong>Eine Stadt und die Schuld<\/strong>&#8220; kann auf unserer <a style=\"text-decoration: underline; color: #0E68D5;\" href=\"https:\/\/www.am-spiegelgasse.de\/index.php\/podcasts\/\">Podcastseite<\/a> angeh\u00f6rt werden<\/p>\n<\/div>\n<\/div>\n\n\n\n<div class=\"wp-block-columns has-background is-layout-flex wp-container-core-columns-is-layout-28f84493 wp-block-columns-is-layout-flex\" style=\"background-color:#e9f1f5\">\n<div class=\"wp-block-column is-layout-flow wp-block-column-is-layout-flow\" style=\"flex-basis:20%\">\n<figure class=\"wp-block-image size-large is-resized is-style-default\"><a href=\"https:\/\/www.am-spiegelgasse.de\/index.php\/podcasts\/\"><img loading=\"lazy\" decoding=\"async\" width=\"631\" height=\"1024\" src=\"https:\/\/www.am-spiegelgasse.de\/wp-content\/uploads\/2024\/03\/Buchcover-Anna-Haag-1-631x1024.jpg\" alt=\"\" class=\"wp-image-987\" style=\"width:auto;height:200px\" title=\"Link zu Podcast: &quot;Denken ist heute \u00fcberhaupt nicht mehr Mode&quot;\" srcset=\"https:\/\/www.am-spiegelgasse.de\/wp-content\/uploads\/2024\/03\/Buchcover-Anna-Haag-1-631x1024.jpg 631w, https:\/\/www.am-spiegelgasse.de\/wp-content\/uploads\/2024\/03\/Buchcover-Anna-Haag-1-185x300.jpg 185w, https:\/\/www.am-spiegelgasse.de\/wp-content\/uploads\/2024\/03\/Buchcover-Anna-Haag-1-768x1246.jpg 768w, https:\/\/www.am-spiegelgasse.de\/wp-content\/uploads\/2024\/03\/Buchcover-Anna-Haag-1-947x1536.jpg 947w, https:\/\/www.am-spiegelgasse.de\/wp-content\/uploads\/2024\/03\/Buchcover-Anna-Haag-1-1000x1622.jpg 1000w, https:\/\/www.am-spiegelgasse.de\/wp-content\/uploads\/2024\/03\/Buchcover-Anna-Haag-1-230x373.jpg 230w, https:\/\/www.am-spiegelgasse.de\/wp-content\/uploads\/2024\/03\/Buchcover-Anna-Haag-1-350x568.jpg 350w, https:\/\/www.am-spiegelgasse.de\/wp-content\/uploads\/2024\/03\/Buchcover-Anna-Haag-1-480x779.jpg 480w, https:\/\/www.am-spiegelgasse.de\/wp-content\/uploads\/2024\/03\/Buchcover-Anna-Haag-1.jpg 1024w\" sizes=\"auto, (max-width: 631px) 100vw, 631px\" \/><\/a><\/figure>\n<\/div>\n\n\n\n<div class=\"wp-block-column is-layout-flow wp-block-column-is-layout-flow\" style=\"flex-basis:80%\">\n<p>Der Podcast &#8222;<strong>Denken ist heute \u00fcberhaupt nicht mehr Mode<\/strong>&#8220; kann auf unserer<br> <a style=\"text-decoration: underline; color: #0E68D5;\" href=\"https:\/\/www.am-spiegelgasse.de\/index.php\/podcasts\/\">Podcastseite<\/a> angeh\u00f6rt werden<\/p>\n<\/div>\n<\/div>\n\n\n\n<div class=\"wp-block-columns is-layout-flex wp-container-core-columns-is-layout-28f84493 wp-block-columns-is-layout-flex\">\n<div class=\"wp-block-column is-layout-flow wp-block-column-is-layout-flow\" style=\"flex-basis:50%\">\n<p>Das AMS verf\u00fcgt \u00fcber eine \u00f6ffentliche Fachbibliothek, die fortlaufend durch Neuerscheinungen und wiederentdeckte \u00e4ltere Publikationen erweitert wird. Die zurzeit rund 5.500 B\u00e4nde Prim\u00e4r- und Forschungsliteratur befassen sich mit verschiedenen Facetten des Judentums: Geschichte und Gegenwart, Kunst und Kultur, Religion, Philosophie und anderem mehr.<\/p>\n\n\n\n<p>Einen weiteren Schwerpunkt bildet Literatur \u00fcber die Zeit des Nationalsozialismus: Judenverfolgung, Holocaust, Konzentrationslager, Lebensberichte von \u00dcberlebenden und Dokumentationen z.B. der N\u00fcrnberger Prozesse und des Auschwitz-Prozesses.<\/p>\n\n\n\n<p>Ein besonderer Fokus liegt auf der Regionalliteratur zu j\u00fcdischem Leben in Hessen (Wiesbaden, Frankfurt, etc.). Doch auch zu Themen wie Antisemitismus und Rassismus ist die Bibliothek gut sortiert. Dazu kommt eine Vielzahl von Ausstellungs- und Kunstkatalogen.<\/p>\n\n\n\n<p>Alle Publikationen k\u00f6nnen f\u00fcr einen Zeitraum von vier Wochen ausgeliehen werden. Eine Verl\u00e4ngerung der Leihfrist ist m\u00f6glich. Zur Anmeldung wird ein Personalausweis ben\u00f6tigt. Eine Beratung wird von den Bibliotheksmitarbeiterinnen gerne angeboten.<\/p>\n\n\n\n<p class=\"has-medium-font-size\" style=\"font-style:normal;font-weight:600\">Der Bestand kann online recherchiert werden &#8211;&gt; <a href=\"https:\/\/am-spiegelgasse.hebib.de\/search\" target=\"_blank\" rel=\"noreferrer noopener\">zur Online-Recherche<\/a><\/p>\n\n\n\n<p>Aktuelle \u00d6ffnungszeiten der Bibliothek: Dienstag und Mittwoch von 10:30 bis 12:30 Uhr sowie nach Absprache.<\/p>\n\n\n\n<p>Telefonische Anfragen (w\u00e4hrend der \u00d6ffnungszeiten): 0611 &#8211; 341 724 4<\/p>\n\n\n\n<p>E-Mail: <a href=\"mailto:bibliothek@am-spiegelgasse.de\" class=\"aktuell_a\">bibliothek[at]am-spiegelgasse.de<\/a><\/p>\n<\/div>\n\n\n\n<div class=\"wp-block-column is-layout-flow wp-block-column-is-layout-flow\" style=\"flex-basis:50%\">\n<figure class=\"wp-block-image size-full\"><img loading=\"lazy\" decoding=\"async\" width=\"512\" height=\"340\" src=\"https:\/\/www.am-spiegelgasse.de\/wp-content\/uploads\/2023\/02\/Webseite_2_WP.jpg\" alt=\"Bibliothek des AMS\" class=\"wp-image-100\" title=\"Bibliothek des AMS\" srcset=\"https:\/\/www.am-spiegelgasse.de\/wp-content\/uploads\/2023\/02\/Webseite_2_WP.jpg 512w, https:\/\/www.am-spiegelgasse.de\/wp-content\/uploads\/2023\/02\/Webseite_2_WP-300x199.jpg 300w, https:\/\/www.am-spiegelgasse.de\/wp-content\/uploads\/2023\/02\/Webseite_2_WP-230x153.jpg 230w, https:\/\/www.am-spiegelgasse.de\/wp-content\/uploads\/2023\/02\/Webseite_2_WP-350x232.jpg 350w, https:\/\/www.am-spiegelgasse.de\/wp-content\/uploads\/2023\/02\/Webseite_2_WP-480x319.jpg 480w\" sizes=\"auto, (max-width: 512px) 100vw, 512px\" \/><figcaption class=\"wp-element-caption\">Bibliothek des AMS<\/figcaption><\/figure>\n<\/div>\n<\/div>\n","protected":false},"excerpt":{"rendered":"<p>Bibliothek Der Podcast &#8222;Eine Stadt und die Schuld&#8220; kann auf unserer Podcastseite angeh\u00f6rt werden Der Podcast &#8222;Denken ist heute \u00fcberhaupt nicht mehr [&hellip;]<\/p>\n","protected":false},"author":1,"featured_media":0,"parent":0,"menu_order":0,"comment_status":"closed","ping_status":"closed","template":"","meta":{"footnotes":""},"class_list":["post-47","page","type-page","status-publish","hentry"],"_links":{"self":[{"href":"https:\/\/www.am-spiegelgasse.de\/index.php\/wp-json\/wp\/v2\/pages\/47","targetHints":{"allow":["GET"]}}],"collection":[{"href":"https:\/\/www.am-spiegelgasse.de\/index.php\/wp-json\/wp\/v2\/pages"}],"about":[{"href":"https:\/\/www.am-spiegelgasse.de\/index.php\/wp-json\/wp\/v2\/types\/page"}],"author":[{"embeddable":true,"href":"https:\/\/www.am-spiegelgasse.de\/index.php\/wp-json\/wp\/v2\/users\/1"}],"replies":[{"embeddable":true,"href":"https:\/\/www.am-spiegelgasse.de\/index.php\/wp-json\/wp\/v2\/comments?post=47"}],"version-history":[{"count":1,"href":"https:\/\/www.am-spiegelgasse.de\/index.php\/wp-json\/wp\/v2\/pages\/47\/revisions"}],"predecessor-version":[{"id":1631,"href":"https:\/\/www.am-spiegelgasse.de\/index.php\/wp-json\/wp\/v2\/pages\/47\/revisions\/1631"}],"wp:attachment":[{"href":"https:\/\/www.am-spiegelgasse.de\/index.php\/wp-json\/wp\/v2\/media?parent=47"}],"curies":[{"name":"wp","href":"https:\/\/api.w.org\/{rel}","templated":true}]}}